{"id":36,"date":"2017-01-27T10:33:58","date_gmt":"2017-01-27T10:33:58","guid":{"rendered":"http:\/\/ssrlestilleuls.fr\/?page_id=36"},"modified":"2017-01-27T10:33:58","modified_gmt":"2017-01-27T10:33:58","slug":"marvejols","status":"publish","type":"page","link":"https:\/\/ssrlestilleuls.fr\/?page_id=36","title":{"rendered":"Marvejols"},"content":{"rendered":"<h2>Histoire et patrimoine<\/h2>\n<p>\u00ab\u00a0Le secteur de Marvejols, depuis la pr\u00e9histoire a \u00e9t\u00e9 occup\u00e9 par l\u2019homme, au moins depuis 6000 ans. Tout autour, des menhirs, dolmens, tumuli. Avec l\u2019\u00e2ge de fer, les celtes arrivent en Gaule. De leur capitale locale, And\u00e9ritum (Javols) ils envoient une forte troupe de cavaliers pour d\u00e9livrer Vercing\u00e9torix assi\u00e9g\u00e9 dans Al\u00e9sia, mais en vain. Voici donc les Romains, ou plut\u00f4t leur civilisation. Dans la ville, on n\u2019a pas trouv\u00e9 de preuve de la pr\u00e9sence Celte. Par contre, depuis 1970, deux villas d\u00e9couvertes, l\u2019une presque au centre, l\u2019autre \u00e0 la Coustarade, indiquent l\u2019implantation gallo-romaine.\u00a0\u00bb<\/p>\n<p><a href=\"http:\/\/www.ville-marvejols.fr\/marvejols-tourisme\/histoire-de-la-ville\/\" target=\"_blank\">Site de la mairie de Marvejols<\/a><\/p>\n<p>\u00ab\u00a0Marvejols est une cit\u00e9 de caract\u00e8re marqu\u00e9e tant par le Moyen-\u00e2ge que par la Renaissance. Elle est dot\u00e9e d\u2019un patrimoine historique remarquable, que l\u2019on peut d\u00e9couvrir gr\u00e2ce \u00e0 diff\u00e9rents parcours de d\u00e9couverte.\u00a0\u00bb<\/p>\n<p><a href=\"http:\/\/www.ville-marvejols.fr\/marvejols-tourisme\/sentiers-et-decouvertes\/\" target=\"_blank\">Site de la mairie de Marvejols<\/a><\/p>\n<p>&nbsp;<\/p>\n","protected":false},"excerpt":{"rendered":"<p>Histoire et patrimoine \u00ab\u00a0Le secteur de Marvejols, depuis la pr\u00e9histoire a \u00e9t\u00e9 occup\u00e9 par l\u2019homme, au moins depuis 6000 ans. Tout autour, des menhirs, dolmens, tumuli. Avec l\u2019\u00e2ge de fer, les celtes arrivent en Gaule. De leur capitale locale, And\u00e9ritum (Javols) ils envoient une forte troupe de cavaliers pour d\u00e9livrer Vercing\u00e9torix assi\u00e9g\u00e9 dans Al\u00e9sia, mais [&hellip;]<\/p>\n","protected":false},"author":2,"featured_media":0,"parent":0,"menu_order":12,"comment_status":"closed","ping_status":"closed","template":"","meta":{"footnotes":""},"class_list":["post-36","page","type-page","status-publish","hentry"],"_links":{"self":[{"href":"https:\/\/ssrlestilleuls.fr\/index.php?rest_route=\/wp\/v2\/pages\/36","targetHints":{"allow":["GET"]}}],"collection":[{"href":"https:\/\/ssrlestilleuls.fr\/index.php?rest_route=\/wp\/v2\/pages"}],"about":[{"href":"https:\/\/ssrlestilleuls.fr\/index.php?rest_route=\/wp\/v2\/types\/page"}],"author":[{"embeddable":true,"href":"https:\/\/ssrlestilleuls.fr\/index.php?rest_route=\/wp\/v2\/users\/2"}],"replies":[{"embeddable":true,"href":"https:\/\/ssrlestilleuls.fr\/index.php?rest_route=%2Fwp%2Fv2%2Fcomments&post=36"}],"version-history":[{"count":1,"href":"https:\/\/ssrlestilleuls.fr\/index.php?rest_route=\/wp\/v2\/pages\/36\/revisions"}],"predecessor-version":[{"id":37,"href":"https:\/\/ssrlestilleuls.fr\/index.php?rest_route=\/wp\/v2\/pages\/36\/revisions\/37"}],"wp:attachment":[{"href":"https:\/\/ssrlestilleuls.fr\/index.php?rest_route=%2Fwp%2Fv2%2Fmedia&parent=36"}],"curies":[{"name":"wp","href":"https:\/\/api.w.org\/{rel}","templated":true}]}}